899
List the prime factors of 36823431.
3, 97, 126541
What are the prime factors of 926190172?
2, 71, 127, 25679
List the prime factors of 1329338400.
2, 3, 5, 13, 137, 311
List the prime factors of 820830842.
2, 13, 47, 137, 4903
List the prime factors of 29088508.
2, 29, 8647
List the prime factors of 839733271.
13, 127, 508621
List the prime factors of 36417859.
17, 2142227
List the prime factors of 6418340708.
2, 13, 179, 689551
List the prime factors of 231231342.
2, 3, 38538557
What are the prime factors of 15622446?
2, 3, 7, 19, 19577
List the prime factors of 499766948.
2, 769, 162473
What are the prime factors of 57051833?
57051833
List the prime factors of 3225576728.
2, 11, 59, 621259
List the prime factors of 696300080.
2, 5, 7, 1243393
List the prime factors of 56989025.
5, 479, 4759
What are the prime factors of 12395331?
3, 13, 105943
What are the prime factors of 390724679?
390724679
List the prime factors of 4051034984.
2, 37, 13685929
List the prime factors of 126802954.
2, 63401477
What are the prime factors of 437668809?
3, 41, 3558283
List the prime factors of 2416629377.
2416629377
What are the prime factors of 16546998?
2, 3, 13, 212141
What are the prime factors of 874382463?
3, 241, 599, 673
List the prime factors of 333347715.
3, 5, 137, 139, 389
List the prime factors of 6560708.
2, 7, 11, 17, 179
What are the prime factors of 571684550?
2, 5, 23, 497117
What are the prime factors of 320440383?
3, 35604487
List the prime factors of 429978235.
5, 7883, 10909
List the prime factors of 852502541.
11, 73, 1061647
What are the prime factors of 56142652?
2, 173, 81131
List the prime factors of 3538606655.
5, 607, 1165933
What are the prime factors of 273994453?
273994453
What are the prime factors of 23834604?
2, 3, 1986217
List the prime factors of 802599777.
3, 7, 47, 271057
List the prime factors of 264560709.
3, 7, 12598129
List the prime factors of 2711541339.
3, 13, 2575063
List the prime factors of 29610043.
151, 157, 1249
List the prime factors of 455239518.
2, 3, 75873253
What are the prime factors of 589895334?
2, 3, 7, 59, 73, 1087
List the prime factors of 2437247893.
2437247893
What are the prime factors of 4687270?
2, 5, 7, 29, 2309
What are the prime factors of 41430473?
7, 29, 409, 499
List the prime factors of 178416263.
178416263
List the prime factors of 56493628.
2, 14123407
List the prime factors of 120719057.
17, 137, 3049
List the prime factors of 2379611338.
2, 13, 19, 4817027
What are the prime factors of 49063463?
49063463
What are the prime factors of 2662519704?
2, 3, 13, 19, 37, 61, 199
What are the prime factors of 83473166?
2, 7, 17383
List the prime factors of 326802871.
326802871
List the prime factors of 968864402.
2, 11, 181, 243311
List the prime factors of 1615374421.
43, 1879, 19993
What are the prime factors of 81141423?
3, 11, 2458831
List the prime factors of 17660708.
2, 13, 223, 1523
What are the prime factors of 6413729243?
19, 139, 127817
List the prime factors of 445678.
2, 222839
What are the prime factors of 739219579?
7, 43, 109, 22531
List the prime factors of 17611362.
2, 3, 307, 3187
List the prime factors of 18265928.
2, 59, 38699
What are the prime factors of 36383354?
2, 7, 2598811
What are the prime factors of 1854990321?
3, 127, 4868741
List the prime factors of 12034611.
3, 107, 12497
What are the prime factors of 2125466837?
13, 17, 2473, 3889
List the prime factors of 136906674.
2, 3, 83, 421, 653
What are the prime factors of 121038088?
2, 73, 207257
List the prime factors of 1708188880.
2, 5, 271, 78791
What are the prime factors of 208778331?
3, 69592777
List the prime factors of 887031463.
887031463
List the prime factors of 98369622.
2, 3, 13, 420383
List the prime factors of 5016627047.
5016627047
List the prime factors of 30447703.
11, 13, 149, 1429
List the prime factors of 1671158895.
3, 5, 7, 15915799
What are the prime factors of 40571547?
3, 127, 106487
List the prime factors of 67439645.
5, 7, 13, 19, 29, 269
List the prime factors of 61497473.
109, 564197
What are the prime factors of 72071579?
19, 3793241
List the prime factors of 1770428053.
4153, 426301
What are the prime factors of 731416037?
11, 37, 419, 4289
List the prime factors of 53622402.
2, 3, 8937067
What are the prime factors of 25209645?
3, 5, 1680643
What are the prime factors of 616251647?
11, 56022877
What are the prime factors of 15303749?
15303749
List the prime factors of 2416978663.
11, 53, 71, 58391
What are the prime factors of 50628489?
3, 16876163
What are the prime factors of 34989087?
3, 7, 37, 919
What are the prime factors of 65337171?
3, 17, 463, 2767
What are the prime factors of 330094006?
2, 11, 15004273
What are the prime factors of 355215233?
355215233
List the prime factors of 442956947.
17, 1532723
List the prime factors of 570900877.
2267, 251831
What are the prime factors of 59086982?
2, 29543491
List the prime factors of 3427407507.
3, 10007, 114167
List the prime factors of 6123538997.
6123538997
List the prime factors of 62705822.
2, 31352911
What are the prime factors of 65829546?
2, 3, 227, 16111
List the prime factors of 973418174.
2, 1231, 395377
List the prime factors of 85139224.
2, 71, 149893
List the prime factors of 67214323.
11, 6110393
What are the prime factors of 285251014?
2, 23, 6201109
What are the prime factors of 544897692?
2, 3, 23, 73121
What are the prime factors of 3358829426?
2, 23, 73, 157, 277
What are the prime factors of 2818377555?
3, 5, 7, 17, 31, 53
List the prime factors of 10067165.
5, 47, 42839
What are the prime factors of 65895473?
7, 9413639
What are the prime factors of 313416538?
2, 23, 6813403
What are the prime factors of 41296763?
41296763
List the prime factors of 462384392.
2, 61, 947509
What are the prime factors of 34208194?
2, 1801, 9497
List the prime factors of 1149356095.
5, 47, 701, 6977
List the prime factors of 1358493491.
2383, 570077
What are the prime factors of 1746575561?
109, 2539, 6311
List the prime factors of 7729532.
2, 73, 103, 257
List the prime factors of 3788170833.
3, 1262723611
List the prime factors of 1028911961.
7, 11, 17, 46237
List the prime factors of 757360633.
2287, 331159
List the prime factors of 1129741975.
5, 3623, 12473
What are the prime factors of 3326189935?
5, 167, 3983461
What are the prime factors of 305728177?
2131, 143467
List the prime factors of 71839742.
2, 13, 389, 7103
List the prime factors of 646785751.
646785751
What are the prime factors of 37758851?
13, 307, 9461
What are the prime factors of 315436566?
2, 3, 52572761
List the prime factors of 63814189.
137, 465797
List the prime factors of 61690491.
3, 761611
List the prime factors of 63615640.
2, 5, 11, 163, 887
List the prime factors of 438901995.
3, 5, 7, 19, 11579
What are the prime factors of 2998846886?
2, 7, 17, 12600197
What are the prime factors of 1981073209?
19, 1171, 89041
List the prime factors of 11258499.
3, 7, 97, 5527
What are the prime factors of 683066650?
2, 5, 7, 23, 53, 1601
What are the prime factors of 1775988708?
2, 3, 13, 17, 669679
What are the prime factors of 68663446?
2, 739, 46457
List the prime factors of 27857820.
2, 3, 5, 101, 4597
What are the prime factors of 1496273642?
2, 449, 1033, 1613
What are the prime factors of 93559730?
2, 5, 11, 107, 7949
List the prime factors of 247982304.
2, 3, 179, 14431
What are the prime factors of 967821629?
10429, 92801
What are the prime factors of 62416962?
2, 3, 17, 203977
List the prime factors of 146366341.
11, 13306031
What are the prime factors of 4914848?
2, 153589
List the prime factors of 7411425.
3, 5, 7, 19, 743
What are the prime factors of 1260577413?
3, 10289, 13613
List the prime factors of 6935712.
2, 3, 7, 10321
What are the prime factors of 72028727?
72028727
List the prime factors of 1611306372.
2, 3, 13, 379, 27253
List the prime factors of 146066897.
146066897
List the prime factors of 88730955.
3, 5, 1971799
List the prime factors of 1376023229.
7, 37, 5312831
List the prime factors of 103736387.
3943, 26309
List the prime factors of 3451565526.
2, 3, 575260921
What are the prime factors of 1364230066?
2, 682115033
List the prime factors of 50633100.
2, 3, 5, 7, 19, 47
What are the prime factors of 331447695?
3, 